
6078
-514 (base 9) to base 7
-1135
What is -9d3 (base 14) in base 11?
-1512
17148 (base 13) to base 2
1010110010001001
Convert 6b5 (base 12) to base 5.
13001
What is 133c (base 16) in base 15?
16d4
Convert -42243 (base 5) to base 7.
-11142
-14188 (base 9) to base 16
-25a6
Convert -1000100110 (base 2) to base 8.
-1046
1302002 (base 4) to base 5
213143
Convert 10050 (base 6) to base 13.
7b0
5a71 (base 15) to base 10
19231
What is 1012032 (base 4) in base 8?
10616
Convert -330030 (base 5) to base 4.
-2300001
What is 13333 (base 4) in base 16?
1ff
Convert 1034 (base 7) to base 14.
1c4
What is -3602 (base 10) in base 5?
-103402
Convert 2b (base 12) to base 8.
43
Convert 401133 (base 5) to base 6.
134352
Convert 10141 (base 5) to base 15.
2eb
Convert -bbf (base 16) to base 13.
-14a4
Convert 1337 (base 13) to base 14.
1006
Convert -1200101 (base 3) to base 16.
-4c9
What is -1110111110010 (base 2) in base 16?
-1df2
What is -21322220 (base 4) in base 9?
-61638
What is 563 (base 14) in base 11?
890
Convert a4b (base 13) to base 15.
7bd
334 (base 8) to base 4
3130
Convert -412a (base 13) to base 8.
-21441
Convert d46 (base 15) to base 8.
5657
What is 30201300 (base 4) in base 11?
35608
What is 400430 (base 5) in base 6?
134223
Convert -1011221 (base 3) to base 15.
-3c7
What is 3094 (base 13) in base 2?
1101000111000
-4543 (base 7) to base 5
-23043
What is 682 (base 11) in base 6?
3440
-13631 (base 7) to base 6
-25202
Convert -2128 (base 9) to base 11.
-11a3
What is 509 (base 14) in base 3?
1100122
2e0 (base 15) to base 9
813
Convert 110000010111 (base 2) to base 3.
11020122
What is -2157 (base 10) in base 11?
-1691
What is -10131220 (base 4) in base 10?
-18280
-1101222 (base 3) to base 14
-533
Convert 18f9 (base 16) to base 8.
14371
What is -101122 (base 3) in base 11?
-241
What is -100020303 (base 4) in base 7?
-363465
Convert -21021 (base 4) to base 6.
-2413
Convert 12042 (base 5) to base 9.
1206
What is -1327 (base 12) in base 6?
-14051
4885 (base 10) to base 7
20146
What is -233 (base 14) in base 2?
-110110101
30466 (base 9) to base 16
4e63
What is 220012 (base 3) in base 13?
3b3
What is 384 (base 10) in base 16?
180
What is -d82 (base 14) in base 11?
-2000
Convert -288 (base 16) to base 2.
-1010001000
Convert 114 (base 8) to base 14.
56
103050 (base 6) to base 13
3b04
-332222 (base 4) to base 5
-112020
2 (base 9) to base 13
2
What is -3146 (base 8) in base 9?
-2220
33213 (base 5) to base 11
1809
What is 123 (base 13) in base 15?
d3
Convert 111001110000001 (base 2) to base 10.
29569
Convert -45c (base 16) to base 15.
-4e6
Convert 58a (base 12) to base 13.
4b7
Convert -330 (base 16) to base 7.
-2244
What is -aa38 (base 11) in base 8?
-34341
Convert -212320 (base 4) to base 6.
-15304
What is -2042 (base 10) in base 15?
-912
-222222 (base 3) to base 14
-3a0
10231010 (base 4) to base 7
110114
-3131 (base 7) to base 14
-588
-2131112 (base 4) to base 15
-2eb5
What is 100223100 (base 4) in base 12?
33640
a929 (base 11) to base 6
150450
What is -321 (base 8) in base 16?
-d1
Convert 674 (base 11) to base 10.
807
-790 (base 13) to base 15
-5ba
Convert -111212101 (base 3) to base 4.
-2131330
13b (base 12) to base 13
119
What is 31133 (base 4) in base 8?
1537
2000 (base 5) to base 10
250
30301211 (base 4) to base 16
cc65
Convert 4062 (base 8) to base 15.
94d
Convert 5678 (base 11) to base 5.
214331
What is 11201221 (base 3) in base 8?
6576
-1037 (base 11) to base 12
-963
What is -4541 (base 9) in base 12?
-1b3a
What is -66e (base 15) in base 10?
-1454
Convert -64476 (base 8) to base 16.
-693e
Convert -cb4 (base 13) to base 12.
-1313
-111001001010111 (base 2) to base 5
-1414041
Convert -12311222 (base 4) to base 6.
-333402
-10285 (base 9) to base 14
-269a
What is 122352 (base 6) in base 4?
2222330
Convert 992 (base 12) to base 3.
1221002
What is -10011111111110 (base 2) in base 4?
-2133332
What is -573 (base 12) in base 13?
-4a1
Convert a1 (base 12) to base 5.
441
-3c1 (base 16) to base 10
-961
Convert 140 (base 6) to base 14.
44
What is -1226 (base 7) in base 3?
-122002
Convert 91 (base 16) to base 14.
a5
What is 213300 (base 4) in base 11?
1a03
Convert 25d6 (base 16) to base 12.
5732
-186 (base 15) to base 8
-537
What is -140121 (base 5) in base 2?
-1011000011101
What is 432 (base 6) in base 11?
13a
-50776 (base 8) to base 10
-20990
What is -17508 (base 10) in base 15?
-52c3
Convert 1329 (base 15) to base 6.
30533
What is 10a8 (base 13) in base 12?
1427
What is -2577 (base 14) in base 5?
-202243
-7cd5 (base 15) to base 14
-9949
Convert 56f1 (base 16) to base 4.
11123301
Convert 55a0 (base 14) to base 11.
10171
What is -140 (base 11) in base 7?
-324
20213 (base 8) to base 12
49a3
-662 (base 8) to base 11
-365
Convert -20021103 (base 4) to base 7.
-166161
Convert 12312 (base 7) to base 12.
1a63
What is 73a (base 11) in base 16?
37a
What is -1535 (base 13) in base 9?
-4208
Convert -203321 (base 8) to base 15.
-14e06
What is 13 (base 5) in base 15?
8
What is -187 (base 16) in base 10?
-391
-101021 (base 4) to base 6
-5025
-101010101100011 (base 2) to base 5
-1144414
-160750 (base 8) to base 3
-2221022221
Convert -9226 (base 11) to base 8.
-27731
2505 (base 16) to base 10
9477
What is -11022021 (base 3) in base 5?
-100024
44c (base 13) to base 6
3232
1010002 (base 4) to base 5
114404
Convert 945 (base 15) to base 8.
4052
87728 (base 10) to base 14
23d84
What is 54b (base 12) in base 13?
47c
Convert -203 (base 12) to base 15.
-146
What is -114 (base 8) in base 10?
-76
Convert -1011010011 (base 2) to base 7.
-2052
What is 44188 (base 9) in base 11?
20036
Convert -150 (base 12) to base 3.
-21120
-101000111110 (base 2) to base 6
-20050
-101110100 (base 2) to base 15
-19c
What is -2302122 (base 4) in base 10?
-11418
What is 1222202000 (base 3) in base 16?
9909
Convert 11100111111111 (base 2) to base 14.
55a7
Convert -15a5 (base 13) to base 12.
-1a09
-484d (base 14) to base 9
-18264
What is -24201 (base 6) in base 14?
-1401
What is -278c (base 16) in base 7?
-41342
Convert 101020112 (base 3) to base 13.
3524
What is 159a (base 14) in base 16?
f14
What is 6400 (base 7) in base 14?
b70
Convert 12530 (base 9) to base 16.
2103
What is 338 (base 11) in base 16?
194
What is 247 (base 14) in base 6?
2035
-6554 (base 7) to base 2
-100100100110
-66167 (base 8) to base 5
-1342032
-31 (base 8) to base 3
-221
What is -183 (base 14) in base 12?
-21b
What is 30210233 (base 4) in base 9?
77575
20213 (base 4) to base 15
26b
-11011001111101 (base 2) to base 13
-6470
1312322 (base 4) to base 12
44a2
Convert 238 (base 9) to base 14.
101
Convert 130311 (base 7) to base 6.
303513
294 (base 12) to base 6
1504
-42063 (base 7) to base 2
-10100001011111
What is -21200210 (base 3) in base 8?
-12752
Convert -11002101 (base 3) to base 11.
-226a
What is 4441 (base 6) in base 3?
1102021
Convert -14243 (base 5) to base 12.
-83a
What is -12 (base 12) in base 5?
-24
-434 (base 12) to base 15
-2b1
What is 243 (base 6) in base 16?
63
-13a0 (base 15) to base 16
-1068
Convert 25b (base 14) to base 16.
1d9
What is -4068 (base 13) in base 4?
-2022222
What is -1330 (base 5) in base 16?
-d7
What is 1bb (base 14) in base 10?
361
What is 223c (base 15) in base 8?
16131
-6027 (base 8) to base 7
-12011
What is -1000000110 (base 2) in base 15?
-248
What is 21867 (base 12) in base 7?
243352
-1520 (base 10) to base 6
-11012
-17434 (base 9) to base 13
-5617
What is -606 (base 15) in base 16?
-54c
Convert 111001101111 (base 2) to base 10.
3695
10525 (base 6) to base 5
21433
24 (base 13) to base 10
30
What is 2210210 (base 3) in base 7?
5652
Convert 3393 (base 14) to base 5.
241244
What is 1101001001 (base 2) in base 12?
5a1
-4534 (base 8) to base 2
-100101011100
Convert 577 (base 14) to base 2.
10000111101
Convert 14034 (base 13) to base 2.
1001001000010000
What is -25003 (base 11) in base 5?
-2122230
Convert -2110 (base 3) to base 9.
-73
Convert 474 (base 13) to base 6.
3323
177 (base 9) to base 15
a1
Convert 330 (base 9) to base 8.
416
Convert -10022010002 (base 3) to base 8.
-176704
Convert 1220 (base 5) to base 13.
113
-bede (base 15) to base 6
-511232
What is 10011011 (base 3) in base 5?
33144
d4 (base 16) to base 13
134
What is 13a5 (base 15) in base 10?
4205
What is -60332 (base 8) in base 13?
-b393
What is 